{"id":173,"date":"2021-05-02T15:39:13","date_gmt":"2021-05-02T15:39:13","guid":{"rendered":"https:\/\/www.kanuverleih.com\/?post_type=product&#038;p=173"},"modified":"2026-02-05T09:32:27","modified_gmt":"2026-02-05T09:32:27","slug":"3er-canadier","status":"publish","type":"product","link":"https:\/\/www.kanuverleih.com\/index.php\/produkt\/3er-canadier\/","title":{"rendered":"3er Canadier"},"content":{"rendered":"<ul>\n<li>Canadier <strong>mit Schifffahrtsgenehmigung<\/strong> und mit Platz f\u00fcr 3 Personen + Gep\u00e4ck<br \/>\nDabei soll das Gesamtgewicht 250kg nicht \u00fcberschreiten.<\/li>\n<li>Preis inkl. ben\u00f6tigter Ausr\u00fcstung (Paddel, Rettungswesten, wasserdichter Packsack)<\/li>\n<li><strong>Die Abholung der Boote und die Mitfahrgelegenheit einer Person je Boot vom Endpunkt Ihrer Kanutour an unsere Verleihstation ist im Preis enthalten.<\/strong><\/li>\n<li>Wenn Sie von unserer Abholzeit (17:00 Uhr) unabh\u00e4ngig sein wollen, so stellen Sie sich bitte ein Auto, Fahrrad etc. an den Endpunkt Ihrer Tour. Alternativ k\u00f6nnen Sie den \u00f6ffentlichen Nahverkehr (bitte zuvor unbedingt die Fahrpl\u00e4ne pr\u00fcfen) oder ein Taxi nutzen.<\/li>\n<\/ul>\n<p>Die Tour beginnt am gew\u00e4hlten Datum zwischen 9:30 Uhr und 12:00 Uhr an unserer Verleihstation (Informationen zur Anfahrt finden Sie\u00a0 <a href=\"https:\/\/flusswandern.de\/?page_id=85\">hier<\/a>) und endet um 17:00 Uhr an einem der <a href=\"https:\/\/flusswandern.de\/?page_id=33\">hier<\/a> beschriebenen Abholorte (Ramspau, Heilinghausen oder Marienthal).<br \/>\nWeitere Informationen zum Ablauf einer Kanutour finden Sie\u00a0<a href=\"https:\/\/flusswandern.de\/?page_id=33\">hier<\/a>.<\/p>\n","protected":false},"excerpt":{"rendered":"<p>Canadier mit Schifffahrtsgenehmigung und mit Platz f\u00fcr 3 Personen + Gep\u00e4ck Dabei soll das Gesamtgewicht 250kg nicht \u00fcberschreiten. Preis inkl. ben\u00f6tigter Ausr\u00fcstung (Paddel, Rettungswesten, wasserdichter Packsack) Die Abholung der Boote und die Mitfahrgelegenheit einer Person je Boot vom Endpunkt Ihrer Kanutour an unsere Verleihstation ist im Preis enthalten. Wenn Sie von unserer Abholzeit (17:00 Uhr) &hellip; <\/p>\n<p class=\"link-more\"><a href=\"https:\/\/www.kanuverleih.com\/index.php\/produkt\/3er-canadier\/\" class=\"more-link\"><span class=\"screen-reader-text\">\u201e3er Canadier\u201c <\/span>weiterlesen<\/a><\/p>\n","protected":false},"featured_media":134,"template":"","meta":[],"product_brand":[],"product_cat":[29,28,32,31],"product_tag":[],"class_list":{"0":"post-173","1":"product","2":"type-product","3":"status-publish","4":"has-post-thumbnail","6":"product_cat-canadier","7":"product_cat-kajak","8":"product_cat-kanutour-nittenau-ramspau","9":"product_cat-kanutouren","11":"first","12":"instock","13":"taxable","14":"shipping-taxable","15":"purchasable","16":"product-type-simple"},"jetpack_sharing_enabled":true,"_links":{"self":[{"href":"https:\/\/www.kanuverleih.com\/index.php\/wp-json\/wp\/v2\/product\/173","targetHints":{"allow":["GET"]}}],"collection":[{"href":"https:\/\/www.kanuverleih.com\/index.php\/wp-json\/wp\/v2\/product"}],"about":[{"href":"https:\/\/www.kanuverleih.com\/index.php\/wp-json\/wp\/v2\/types\/product"}],"wp:featuredmedia":[{"embeddable":true,"href":"https:\/\/www.kanuverleih.com\/index.php\/wp-json\/wp\/v2\/media\/134"}],"wp:attachment":[{"href":"https:\/\/www.kanuverleih.com\/index.php\/wp-json\/wp\/v2\/media?parent=173"}],"wp:term":[{"taxonomy":"product_brand","embeddable":true,"href":"https:\/\/www.kanuverleih.com\/index.php\/wp-json\/wp\/v2\/product_brand?post=173"},{"taxonomy":"product_cat","embeddable":true,"href":"https:\/\/www.kanuverleih.com\/index.php\/wp-json\/wp\/v2\/product_cat?post=173"},{"taxonomy":"product_tag","embeddable":true,"href":"https:\/\/www.kanuverleih.com\/index.php\/wp-json\/wp\/v2\/product_tag?post=173"}],"curies":[{"name":"wp","href":"https:\/\/api.w.org\/{rel}","templated":true}]}}