{"id":14,"date":"2021-03-22T17:02:11","date_gmt":"2021-03-22T17:02:11","guid":{"rendered":"https:\/\/www.kanuverleih.com\/?page_id=14"},"modified":"2024-02-25T09:49:53","modified_gmt":"2024-02-25T09:49:53","slug":"kontakt-2","status":"publish","type":"page","link":"https:\/\/www.kanuverleih.com\/index.php\/kontakt-2\/","title":{"rendered":"Kontakt"},"content":{"rendered":"\n<p>Bei Allgemeinen Fragen oder Fragen zu Ihrer Buchung k\u00f6nnen Sie sich gerne per E-Mail unter <strong>info@bootwandern.de<\/strong> bei uns melden.<\/p>\n\n\n\n<p>Telefonisch erreichen Sie uns unter <strong>+49 9436 2740<\/strong>. Bitte beachten Sie, dass unsere telefonische Erreichbarkeit je nach Kundenaufkommen teilweise eingeschr\u00e4nkt sein kann.<\/p>\n\n\n\n<p>Am Ende des Ansagetextes haben Sie die M\u00f6glichkeit einen R\u00fcckruf anzufordern.<\/p>\n\n\n\n<p>Sie werden zwischen 17:00 und 20:00 Uhr des gleichen Tages zur\u00fcckgerufen.   <br>Geben Sie hierzu folgendes unbedingt an:<br>Telefonnummer<br>Name<br>Grund ihres Anrufs<\/p>\n\n\n\n<p><\/p>\n","protected":false},"excerpt":{"rendered":"<p>Bei Allgemeinen Fragen oder Fragen zu Ihrer Buchung k\u00f6nnen Sie sich gerne per E-Mail unter info@bootwandern.de bei uns melden. Telefonisch erreichen Sie uns unter +49 9436 2740. Bitte beachten Sie, dass unsere telefonische Erreichbarkeit je nach Kundenaufkommen teilweise eingeschr\u00e4nkt sein kann. Am Ende des Ansagetextes haben Sie die M\u00f6glichkeit einen R\u00fcckruf anzufordern. Sie werden zwischen &hellip; <\/p>\n<p class=\"link-more\"><a href=\"https:\/\/www.kanuverleih.com\/index.php\/kontakt-2\/\" class=\"more-link\"><span class=\"screen-reader-text\">\u201eKontakt\u201c <\/span>weiterlesen<\/a><\/p>\n","protected":false},"author":1,"featured_media":0,"parent":0,"menu_order":0,"comment_status":"closed","ping_status":"closed","template":"","meta":{"footnotes":""},"class_list":["post-14","page","type-page","status-publish","hentry"],"jetpack_sharing_enabled":true,"_links":{"self":[{"href":"https:\/\/www.kanuverleih.com\/index.php\/wp-json\/wp\/v2\/pages\/14","targetHints":{"allow":["GET"]}}],"collection":[{"href":"https:\/\/www.kanuverleih.com\/index.php\/wp-json\/wp\/v2\/pages"}],"about":[{"href":"https:\/\/www.kanuverleih.com\/index.php\/wp-json\/wp\/v2\/types\/page"}],"author":[{"embeddable":true,"href":"https:\/\/www.kanuverleih.com\/index.php\/wp-json\/wp\/v2\/users\/1"}],"replies":[{"embeddable":true,"href":"https:\/\/www.kanuverleih.com\/index.php\/wp-json\/wp\/v2\/comments?post=14"}],"version-history":[{"count":4,"href":"https:\/\/www.kanuverleih.com\/index.php\/wp-json\/wp\/v2\/pages\/14\/revisions"}],"predecessor-version":[{"id":2526,"href":"https:\/\/www.kanuverleih.com\/index.php\/wp-json\/wp\/v2\/pages\/14\/revisions\/2526"}],"wp:attachment":[{"href":"https:\/\/www.kanuverleih.com\/index.php\/wp-json\/wp\/v2\/media?parent=14"}],"curies":[{"name":"wp","href":"https:\/\/api.w.org\/{rel}","templated":true}]}}