{"id":102,"date":"2021-03-24T18:05:31","date_gmt":"2021-03-24T18:05:31","guid":{"rendered":"https:\/\/www.kanuverleih.com\/?page_id=102"},"modified":"2022-05-25T20:15:09","modified_gmt":"2022-05-25T20:15:09","slug":"fragen-antworten","status":"publish","type":"page","link":"https:\/\/www.kanuverleih.com\/index.php\/fragen-antworten\/","title":{"rendered":"Fragen &#038; Antworten"},"content":{"rendered":"\n<div class=\"wp-block-columns is-layout-flex wp-container-core-columns-is-layout-9d6595d7 wp-block-columns-is-layout-flex\">\n<div class=\"wp-block-column is-layout-flow wp-block-column-is-layout-flow\"><div class=\"n2-section-smartslider fitvidsignore  n2_clear\" data-ssid=\"2\" tabindex=\"0\" role=\"region\" aria-label=\"Slider\"><div id=\"n2-ss-2-align\" class=\"n2-ss-align\"><div class=\"n2-padding\"><div id=\"n2-ss-2\" data-creator=\"Smart Slider 3\" data-responsive=\"auto\" class=\"n2-ss-slider n2-ow n2-has-hover n2notransition  \"><div class=\"n2-ss-slider-wrapper-inside\">\n        <div class=\"n2-ss-slider-1 n2_ss__touch_element n2-ow\">\n            <div class=\"n2-ss-slider-2 n2-ow\">\n                                                    <div class=\"n2-ss-background-animation n2-ow\"><\/div>\n                                <div class=\"n2-ss-slider-3 n2-ow\">\n\n                    <div class=\"n2-ss-slide-backgrounds n2-ow-all\"><div class=\"n2-ss-slide-background\" data-public-id=\"1\" data-mode=\"fill\"><div class=\"n2-ss-slide-background-image\" data-blur=\"0\" data-opacity=\"100\" data-x=\"50\" data-y=\"50\" data-alt=\"\" data-title=\"\"><picture class=\"skip-lazy jetpack-lazy-image\" data-skip-lazy=\"1\"><img decoding=\"async\" src=\"\/\/www.kanuverleih.com\/wp-content\/uploads\/2021\/04\/cropped-regentalkanu.jpg\" alt=\"\" title=\"\" loading=\"lazy\" class=\"skip-lazy jetpack-lazy-image\" data-skip-lazy=\"1\"><\/picture><\/div><div data-color=\"RGBA(255,255,255,0)\" style=\"background-color: RGBA(255,255,255,0);\" class=\"n2-ss-slide-background-color\"><\/div><\/div><div class=\"n2-ss-slide-background\" data-public-id=\"2\" data-mode=\"fill\" aria-hidden=\"true\"><div class=\"n2-ss-slide-background-image\" data-blur=\"0\" data-opacity=\"100\" data-x=\"50\" data-y=\"50\" data-alt=\"Kanutour mit Canadiern\" data-title=\"Kanutour mit Canadiern\"><picture class=\"skip-lazy jetpack-lazy-image\" data-skip-lazy=\"1\"><img decoding=\"async\" src=\"\/\/www.kanuverleih.com\/wp-content\/uploads\/2021\/04\/cropped-0031-P1010042.jpg\" alt=\"Kanutour mit Canadiern\" title=\"Kanutour mit Canadiern\" loading=\"lazy\" class=\"skip-lazy jetpack-lazy-image\" data-skip-lazy=\"1\"><\/picture><\/div><div data-color=\"RGBA(255,255,255,0)\" style=\"background-color: RGBA(255,255,255,0);\" class=\"n2-ss-slide-background-color\"><\/div><\/div><div class=\"n2-ss-slide-background\" data-public-id=\"3\" data-mode=\"fill\" aria-hidden=\"true\"><div class=\"n2-ss-slide-background-image\" data-blur=\"0\" data-opacity=\"100\" data-x=\"50\" data-y=\"50\" data-alt=\"4er Canadier\" data-title=\"Familie auf Kanutour\"><picture class=\"skip-lazy jetpack-lazy-image\" data-skip-lazy=\"1\"><img decoding=\"async\" src=\"\/\/www.kanuverleih.com\/wp-content\/uploads\/2021\/04\/4er_Canadier_gepixelt.jpg\" alt=\"4er Canadier\" title=\"Familie auf Kanutour\" loading=\"lazy\" class=\"skip-lazy jetpack-lazy-image\" data-skip-lazy=\"1\"><\/picture><\/div><div data-color=\"RGBA(255,255,255,0)\" style=\"background-color: RGBA(255,255,255,0);\" class=\"n2-ss-slide-background-color\"><\/div><\/div><\/div>                    <div class=\"n2-ss-slider-4 n2-ow\">\n                        <svg xmlns=\"http:\/\/www.w3.org\/2000\/svg\" viewBox=\"0 0 1200 600\" data-related-device=\"desktopPortrait\" class=\"n2-ow n2-ss-preserve-size n2-ss-preserve-size--slider n2-ss-slide-limiter\"><\/svg><div data-first=\"1\" data-slide-duration=\"0\" data-id=\"3\" data-slide-public-id=\"1\" data-title=\"Vereinsausflug\" class=\"n2-ss-slide n2-ow  n2-ss-slide-3\"><div role=\"note\" class=\"n2-ss-slide--focus\" tabindex=\"-1\">Vereinsausflug<\/div><div class=\"n2-ss-layers-container n2-ss-slide-limiter n2-ow\"><div class=\"n2-ss-layer n2-ow n-uc-c6CQy5JhRPgI\" data-sstype=\"slide\" data-pm=\"default\"><\/div><\/div><\/div><div data-slide-duration=\"0\" data-id=\"4\" data-slide-public-id=\"2\" aria-hidden=\"true\" data-title=\"Canadier auf Kanutour\" class=\"n2-ss-slide n2-ow  n2-ss-slide-4\"><div role=\"note\" class=\"n2-ss-slide--focus\" tabindex=\"-1\">Canadier auf Kanutour<\/div><div class=\"n2-ss-layers-container n2-ss-slide-limiter n2-ow\"><div class=\"n2-ss-layer n2-ow n-uc-X5HhCL8Sfucb\" data-sstype=\"slide\" data-pm=\"default\"><\/div><\/div><\/div><div data-slide-duration=\"0\" data-id=\"5\" data-slide-public-id=\"3\" aria-hidden=\"true\" data-title=\"FamilienKanu\" class=\"n2-ss-slide n2-ow  n2-ss-slide-5\"><div role=\"note\" class=\"n2-ss-slide--focus\" tabindex=\"-1\">FamilienKanu<\/div><div class=\"n2-ss-layers-container n2-ss-slide-limiter n2-ow\"><div class=\"n2-ss-layer n2-ow n-uc-QsMAdOWIEUgG\" data-sstype=\"slide\" data-pm=\"default\"><\/div><\/div><\/div>                    <\/div>\n\n                                    <\/div>\n            <\/div>\n        <\/div>\n        <div class=\"n2-ss-slider-controls n2-ss-slider-controls-absolute-left-center\"><div style=\"--widget-offset:15px;\" class=\"n2-ss-widget nextend-arrow n2-ow-all nextend-arrow-previous  nextend-arrow-animated-fade\" data-hide-mobileportrait=\"1\" id=\"n2-ss-2-arrow-previous\" role=\"button\" aria-label=\"previous arrow\" tabindex=\"0\"><img loading=\"lazy\" decoding=\"async\" width=\"32\" height=\"32\" class=\"skip-lazy jetpack-lazy-image\" data-skip-lazy=\"1\" src=\"data:image\/svg+xml;base64,PHN2ZyB3aWR0aD0iMzIiIGhlaWdodD0iMzIiIHZpZXdCb3g9IjAgMCAzMiAzMiIgeG1sbnM9Imh0dHA6Ly93d3cudzMub3JnLzIwMDAvc3ZnIj4KICAgIDxwYXRoIGQ9Ik0xMS40MzMgMTUuOTkyTDIyLjY5IDUuNzEyYy4zOTMtLjM5LjM5My0xLjAzIDAtMS40Mi0uMzkzLS4zOS0xLjAzLS4zOS0xLjQyMyAwbC0xMS45OCAxMC45NGMtLjIxLjIxLS4zLjQ5LS4yODUuNzYtLjAxNS4yOC4wNzUuNTYuMjg0Ljc3bDExLjk4IDEwLjk0Yy4zOTMuMzkgMS4wMy4zOSAxLjQyNCAwIC4zOTMtLjQuMzkzLTEuMDMgMC0xLjQybC0xMS4yNTctMTAuMjkiCiAgICAgICAgICBmaWxsPSIjZmZmZmZmIiBvcGFjaXR5PSIwLjgiIGZpbGwtcnVsZT0iZXZlbm9kZCIvPgo8L3N2Zz4=\" alt=\"previous arrow\"><\/div><\/div><div class=\"n2-ss-slider-controls n2-ss-slider-controls-absolute-right-center\"><div style=\"--widget-offset:15px;\" class=\"n2-ss-widget nextend-arrow n2-ow-all nextend-arrow-next  nextend-arrow-animated-fade\" data-hide-mobileportrait=\"1\" id=\"n2-ss-2-arrow-next\" role=\"button\" aria-label=\"next arrow\" tabindex=\"0\"><img loading=\"lazy\" decoding=\"async\" width=\"32\" height=\"32\" class=\"skip-lazy jetpack-lazy-image\" data-skip-lazy=\"1\" src=\"data:image\/svg+xml;base64,PHN2ZyB3aWR0aD0iMzIiIGhlaWdodD0iMzIiIHZpZXdCb3g9IjAgMCAzMiAzMiIgeG1sbnM9Imh0dHA6Ly93d3cudzMub3JnLzIwMDAvc3ZnIj4KICAgIDxwYXRoIGQ9Ik0xMC43MjIgNC4yOTNjLS4zOTQtLjM5LTEuMDMyLS4zOS0xLjQyNyAwLS4zOTMuMzktLjM5MyAxLjAzIDAgMS40MmwxMS4yODMgMTAuMjgtMTEuMjgzIDEwLjI5Yy0uMzkzLjM5LS4zOTMgMS4wMiAwIDEuNDIuMzk1LjM5IDEuMDMzLjM5IDEuNDI3IDBsMTIuMDA3LTEwLjk0Yy4yMS0uMjEuMy0uNDkuMjg0LS43Ny4wMTQtLjI3LS4wNzYtLjU1LS4yODYtLjc2TDEwLjcyIDQuMjkzeiIKICAgICAgICAgIGZpbGw9IiNmZmZmZmYiIG9wYWNpdHk9IjAuOCIgZmlsbC1ydWxlPSJldmVub2RkIi8+Cjwvc3ZnPg==\" alt=\"next arrow\"><\/div><\/div><\/div><\/div><ss3-loader><\/ss3-loader><\/div><\/div><div class=\"n2_clear\"><\/div><\/div><\/div>\n<\/div>\n\n\n\n<h4 class=\"wp-block-heading\">Kann man Tagestouren auch an anderen Stellen des Flusses starten?<\/h4>\n\n\n\n<p>Tagestouren werden so geplant, dass sie in Nittenau beginnen. Derzeit ist nur die Strecke Nittenau-Ramspau buchbar. Sie k\u00f6nnen die Boote auch gew\u00e4sserunabh\u00e4ngig mieten und an jeden anderen Fluss einsetzen. Holen Sie hierzu die Boote an unserer Verleihstation ab und geben Sie nach Ihrer Mietdauer die Boote hier wieder ab. Beachten Sie hierbei die jeweiligen Bestimmungen der \u00f6rtlichen Landrats\u00e4mter (zust\u00e4ndig ist das Wasserrecht). <\/p>\n\n\n\n<h4 class=\"wp-block-heading\">Welche Ausr\u00fcstung ben\u00f6tigt man? Was muss ich mitnehmen?<\/h4>\n\n\n\n<p>S\u00e4mtliche Ausr\u00fcstung, die zum Paddeln ben\u00f6tigt wird ist in unseren Preisen enthalten. Sie erhalten zu Ihrem Boot also Paddel und Rettungswesten in ben\u00f6tigter Gr\u00f6\u00dfe und Menge, einen wasserdichten Packsack, einen Eimer mit Schwamm, passendes Kartenmaterial und ggf. einen Bootswagen.<br>Wir empfehlen ein robustes Schuhwerk (Outdoor Sandalen, Stiefel, &#8230;) mit dem es auch m\u00f6glich ist beim Anlanden in das Wasser zu steigen. Je nach Wetterlage empfielt sich die Mitnahme von Badesachen oder Regenjacken. Auch die Mitnahme von Ersatzkleidung und Verpflegung ist empfehlenswert. Denken Sie insbesondere bei hei\u00dfem Wetter an Kopfbedeckungen und ausreichend Getr\u00e4nke.<\/p>\n\n\n\n<p>Beachten Sie, dass eine Mitnahme von Glasbeh\u00e4ltern, gem\u00e4\u00df den Auflagen der Schifffahrtsgenehmigung, nicht gestattet ist.<\/p>\n\n\n\n<h4 class=\"wp-block-heading\">Was ist bei schlechtem Wetter?<\/h4>\n\n\n\n<p>Kanutouren k\u00f6nnen bei fast jedem Wetter durchgef\u00fchrt werden.<br>Wenn Sie Ihre Tour nur bei sch\u00f6nem Wetter durchf\u00fchren m\u00f6chten, so reservieren Sie erst sobald Sie das Wetter absch\u00e4tzen k\u00f6nnen. Gerne buchen wir Ihre Tour auch wetterabh\u00e4ngig. In diesem Fall ist eine Anzahlung, unter Angabe ihrer Buchungsnummer, von 15 Euro je Boot und Tag sofort f\u00e4llig. Dies ist die Stornogeb\u00fchr. Sie k\u00f6nnen bis einen Tag vor der Tour ohne weitere Mehrkosten stornieren. Bei Nichtantritt der Fahrt ohne Stornierung ist der volle Preis zu entrichten.<\/p>\n\n\n\n<h4 class=\"wp-block-heading\">Muss ich im Vorfeld buchen?<\/h4>\n\n\n\n<p>Da unsere Verleihstation nicht dauerhaft besetzt ist und unsere Kapazit\u00e4ten begrenzt sind, bitten wir Sie um vorherige Buchung Ihrer Kanutour. <\/p>\n\n\n\n<h4 class=\"wp-block-heading\">Wie komme ich nach der Kanutour wieder an mein Auto?<\/h4>\n\n\n\n<p>Am Ende der Tour kann eine Person je Boot kostenlos mit nach Nittenau zur\u00fcckfahren. Der Personentransfer zum Ausgangspunkt kann auch selbst organisiert werden (Fahrrad oder Auto am Zielort abstellen, Taxi rufen). Sie sind dann von unseren Abholzeiten unabh\u00e4ngig.<\/p>\n\n\n\n<h4 class=\"wp-block-heading\">Wie lange dauert eine Tour?<\/h4>\n\n\n\n<p>Die Tagestour von Nittenau nach Ramspau nimmt in etwa vier Stunden reine Paddelzeit in Anspruch. Bei sonnigen Wetter sollte Sie unbedingt gro\u00dfz\u00fcgige Pausen zum Schwimmen, Picknick, oder den Besuch im Biergarten einberechnen.<\/p>\n\n\n\n<h4 class=\"wp-block-heading\">Was mache ich, wenn ich nicht solange paddeln will?<\/h4>\n\n\n\n<p>Grunds\u00e4tzlich findet die Abholung um 17:00 Uhr in Ramspau statt. Paddler die es bis 17:00 Uhr nicht bis nach Ramspau geschafft haben, k\u00f6nnen entweder in Marienthal (von Nittenau aus 2 Stunden reine Paddelzeit) oder Heilinghausen (3 Stunden Paddelzeit) ihre Tour beenden. Diese werden dann bei der R\u00fcckfahrt von Ramspau nach Nittenau eingesammelt. Geben Sie uns bitte rechtzeitig (bis sp\u00e4testens 15:00 Uhr) Bescheid falls Sie das Endziel Ramspau nicht erreichen. Wichtig ist aber, dass der Abholzeitpunkt um 17:00 Uhr eingehalten wird!<\/p>\n\n\n\n<h4 class=\"wp-block-heading\">Was mache ich bei den Wehren und wie merke ich dass ein Wehr kommt?<\/h4>\n\n\n\n<p>Der Regen  ist ausreichend beschildert. Schilder weisen rechtzeitig auf Wehre und Rastpl\u00e4tze hin. Zus\u00e4tzlich erhalten Sie bei uns wasserdichte Wehrkarten. Auf diesen befindet sich eine Beschreibung aller Gefahrenquellen. Von jedem Wehr ist ein Foto und eine Skizze abgedruckt.<\/p>\n\n\n\n<h4 class=\"wp-block-heading\">Bieten Sie einen Gep\u00e4cktransport an?<\/h4>\n\n\n\n<p>Im Allgemeinen nicht. Die Boote sind ausreichend gro\u00df um Gep\u00e4ck mitzuf\u00fchren.<\/p>\n","protected":false},"excerpt":{"rendered":"<p>Kann man Tagestouren auch an anderen Stellen des Flusses starten? Tagestouren werden so geplant, dass sie in Nittenau beginnen. Derzeit ist nur die Strecke Nittenau-Ramspau buchbar. Sie k\u00f6nnen die Boote auch gew\u00e4sserunabh\u00e4ngig mieten und an jeden anderen Fluss einsetzen. Holen Sie hierzu die Boote an unserer Verleihstation ab und geben Sie nach Ihrer Mietdauer die &hellip; <\/p>\n<p class=\"link-more\"><a href=\"https:\/\/www.kanuverleih.com\/index.php\/fragen-antworten\/\" class=\"more-link\"><span class=\"screen-reader-text\">\u201eFragen &#038; Antworten\u201c <\/span>weiterlesen<\/a><\/p>\n","protected":false},"author":1,"featured_media":0,"parent":0,"menu_order":0,"comment_status":"closed","ping_status":"closed","template":"","meta":{"footnotes":""},"class_list":["post-102","page","type-page","status-publish","hentry"],"jetpack_sharing_enabled":true,"_links":{"self":[{"href":"https:\/\/www.kanuverleih.com\/index.php\/wp-json\/wp\/v2\/pages\/102","targetHints":{"allow":["GET"]}}],"collection":[{"href":"https:\/\/www.kanuverleih.com\/index.php\/wp-json\/wp\/v2\/pages"}],"about":[{"href":"https:\/\/www.kanuverleih.com\/index.php\/wp-json\/wp\/v2\/types\/page"}],"author":[{"embeddable":true,"href":"https:\/\/www.kanuverleih.com\/index.php\/wp-json\/wp\/v2\/users\/1"}],"replies":[{"embeddable":true,"href":"https:\/\/www.kanuverleih.com\/index.php\/wp-json\/wp\/v2\/comments?post=102"}],"version-history":[{"count":6,"href":"https:\/\/www.kanuverleih.com\/index.php\/wp-json\/wp\/v2\/pages\/102\/revisions"}],"predecessor-version":[{"id":1024,"href":"https:\/\/www.kanuverleih.com\/index.php\/wp-json\/wp\/v2\/pages\/102\/revisions\/1024"}],"wp:attachment":[{"href":"https:\/\/www.kanuverleih.com\/index.php\/wp-json\/wp\/v2\/media?parent=102"}],"curies":[{"name":"wp","href":"https:\/\/api.w.org\/{rel}","templated":true}]}}